{"id":451,"date":"2017-03-09T23:02:24","date_gmt":"2017-03-09T22:02:24","guid":{"rendered":"http:\/\/maudveith.com\/?page_id=451"},"modified":"2026-02-17T12:23:36","modified_gmt":"2026-02-17T11:23:36","slug":"falestini-resistantes-du-quotidien","status":"publish","type":"page","link":"http:\/\/maudveith.com\/?page_id=451","title":{"rendered":"R\u00e9sistantes du quotidien\/Palestine"},"content":{"rendered":"\n<address style=\"text-align: right;\">&nbsp;<\/address>\n\n\n\n<figure class=\"wp-block-gallery has-nested-images columns-1 is-cropped wp-block-gallery-1 is-layout-flex wp-block-gallery-is-layout-flex\">\n<figure class=\"wp-block-image size-large\"><img loading=\"lazy\" decoding=\"async\" width=\"1024\" height=\"385\" data-id=\"878\" src=\"http:\/\/maudveith.com\/wp-content\/uploads\/2017\/03\/1.Panoramique-jericho-1-1024x385.jpg\" alt=\"\" class=\"wp-image-878\" srcset=\"http:\/\/maudveith.com\/wp-content\/uploads\/2017\/03\/1.Panoramique-jericho-1-1024x385.jpg 1024w, http:\/\/maudveith.com\/wp-content\/uploads\/2017\/03\/1.Panoramique-jericho-1-300x113.jpg 300w, http:\/\/maudveith.com\/wp-content\/uploads\/2017\/03\/1.Panoramique-jericho-1-768x289.jpg 768w, http:\/\/maudveith.com\/wp-content\/uploads\/2017\/03\/1.Panoramique-jericho-1.jpg 1134w\" sizes=\"auto, (max-width: 1024px) 100vw, 1024px\" \/><\/figure>\n\n\n\n<figure class=\"wp-block-image size-large\"><img loading=\"lazy\" decoding=\"async\" width=\"1024\" height=\"675\" data-id=\"458\" src=\"http:\/\/maudveith.com\/wp-content\/uploads\/2017\/03\/jericho-1024x675.jpg\" alt=\"\" class=\"wp-image-458\" srcset=\"http:\/\/maudveith.com\/wp-content\/uploads\/2017\/03\/jericho-1024x675.jpg 1024w, http:\/\/maudveith.com\/wp-content\/uploads\/2017\/03\/jericho-300x198.jpg 300w, http:\/\/maudveith.com\/wp-content\/uploads\/2017\/03\/jericho-768x506.jpg 768w\" sizes=\"auto, (max-width: 1024px) 100vw, 1024px\" \/><\/figure>\n\n\n\n<figure class=\"wp-block-image size-large\"><img loading=\"lazy\" decoding=\"async\" width=\"1024\" height=\"679\" data-id=\"1816\" src=\"http:\/\/maudveith.com\/wp-content\/uploads\/2020\/05\/4.HEY_6696H-1024x679.jpg\" alt=\"\" class=\"wp-image-1816\" srcset=\"http:\/\/maudveith.com\/wp-content\/uploads\/2020\/05\/4.HEY_6696H-1024x679.jpg 1024w, http:\/\/maudveith.com\/wp-content\/uploads\/2020\/05\/4.HEY_6696H-300x199.jpg 300w, http:\/\/maudveith.com\/wp-content\/uploads\/2020\/05\/4.HEY_6696H-768x509.jpg 768w, http:\/\/maudveith.com\/wp-content\/uploads\/2020\/05\/4.HEY_6696H.jpg 1417w\" sizes=\"auto, (max-width: 1024px) 100vw, 1024px\" \/><\/figure>\n\n\n\n<figure class=\"wp-block-image size-large\"><img loading=\"lazy\" decoding=\"async\" width=\"709\" height=\"473\" data-id=\"453\" src=\"http:\/\/maudveith.com\/wp-content\/uploads\/2017\/03\/5.IM005.jpg\" alt=\"\" class=\"wp-image-453\" srcset=\"http:\/\/maudveith.com\/wp-content\/uploads\/2017\/03\/5.IM005.jpg 709w, http:\/\/maudveith.com\/wp-content\/uploads\/2017\/03\/5.IM005-300x200.jpg 300w\" sizes=\"auto, (max-width: 709px) 100vw, 709px\" \/><\/figure>\n\n\n\n<figure class=\"wp-block-image size-full\"><img loading=\"lazy\" decoding=\"async\" width=\"709\" height=\"482\" data-id=\"455\" src=\"http:\/\/maudveith.com\/wp-content\/uploads\/2017\/03\/10.IM009a.jpg\" alt=\"\" class=\"wp-image-455\" srcset=\"http:\/\/maudveith.com\/wp-content\/uploads\/2017\/03\/10.IM009a.jpg 709w, http:\/\/maudveith.com\/wp-content\/uploads\/2017\/03\/10.IM009a-300x204.jpg 300w\" sizes=\"auto, (max-width: 709px) 100vw, 709px\" \/><\/figure>\n\n\n\n<figure class=\"wp-block-image size-large\"><img loading=\"lazy\" decoding=\"async\" width=\"709\" height=\"469\" data-id=\"454\" src=\"http:\/\/maudveith.com\/wp-content\/uploads\/2017\/03\/9.HEY_6586.jpg\" alt=\"\" class=\"wp-image-454\" srcset=\"http:\/\/maudveith.com\/wp-content\/uploads\/2017\/03\/9.HEY_6586.jpg 709w, http:\/\/maudveith.com\/wp-content\/uploads\/2017\/03\/9.HEY_6586-300x198.jpg 300w\" sizes=\"auto, (max-width: 709px) 100vw, 709px\" \/><\/figure>\n\n\n\n<figure class=\"wp-block-image size-large\"><img loading=\"lazy\" decoding=\"async\" width=\"709\" height=\"469\" data-id=\"456\" src=\"http:\/\/maudveith.com\/wp-content\/uploads\/2017\/03\/11.HEY_6595.jpg\" alt=\"\" class=\"wp-image-456\" srcset=\"http:\/\/maudveith.com\/wp-content\/uploads\/2017\/03\/11.HEY_6595.jpg 709w, http:\/\/maudveith.com\/wp-content\/uploads\/2017\/03\/11.HEY_6595-300x198.jpg 300w\" sizes=\"auto, (max-width: 709px) 100vw, 709px\" \/><\/figure>\n\n\n\n<figure class=\"wp-block-image size-large\"><img loading=\"lazy\" decoding=\"async\" width=\"709\" height=\"470\" data-id=\"715\" src=\"http:\/\/maudveith.com\/wp-content\/uploads\/2017\/03\/8.IM007.jpg\" alt=\"\" class=\"wp-image-715\" srcset=\"http:\/\/maudveith.com\/wp-content\/uploads\/2017\/03\/8.IM007.jpg 709w, http:\/\/maudveith.com\/wp-content\/uploads\/2017\/03\/8.IM007-300x199.jpg 300w\" sizes=\"auto, (max-width: 709px) 100vw, 709px\" \/><\/figure>\n\n\n\n<figure class=\"wp-block-image size-large\"><img loading=\"lazy\" decoding=\"async\" width=\"709\" height=\"454\" data-id=\"717\" src=\"http:\/\/maudveith.com\/wp-content\/uploads\/2017\/03\/HEY_6757.jpg\" alt=\"\" class=\"wp-image-717\" srcset=\"http:\/\/maudveith.com\/wp-content\/uploads\/2017\/03\/HEY_6757.jpg 709w, http:\/\/maudveith.com\/wp-content\/uploads\/2017\/03\/HEY_6757-300x192.jpg 300w\" sizes=\"auto, (max-width: 709px) 100vw, 709px\" \/><\/figure>\n\n\n\n<figure class=\"wp-block-image size-large\"><img loading=\"lazy\" decoding=\"async\" width=\"1024\" height=\"678\" data-id=\"3183\" src=\"http:\/\/maudveith.com\/wp-content\/uploads\/2026\/02\/HEY_6769LEG-1024x678.jpg\" alt=\"\" class=\"wp-image-3183\" srcset=\"http:\/\/maudveith.com\/wp-content\/uploads\/2026\/02\/HEY_6769LEG-1024x678.jpg 1024w, http:\/\/maudveith.com\/wp-content\/uploads\/2026\/02\/HEY_6769LEG-300x199.jpg 300w, http:\/\/maudveith.com\/wp-content\/uploads\/2026\/02\/HEY_6769LEG-768x509.jpg 768w, http:\/\/maudveith.com\/wp-content\/uploads\/2026\/02\/HEY_6769LEG.jpg 1389w\" sizes=\"auto, (max-width: 1024px) 100vw, 1024px\" \/><\/figure>\n\n\n\n<figure class=\"wp-block-image size-large\"><img loading=\"lazy\" decoding=\"async\" width=\"709\" height=\"469\" data-id=\"716\" src=\"http:\/\/maudveith.com\/wp-content\/uploads\/2017\/03\/15.HEY_6448.jpg\" alt=\"\" class=\"wp-image-716\" srcset=\"http:\/\/maudveith.com\/wp-content\/uploads\/2017\/03\/15.HEY_6448.jpg 709w, http:\/\/maudveith.com\/wp-content\/uploads\/2017\/03\/15.HEY_6448-300x198.jpg 300w\" sizes=\"auto, (max-width: 709px) 100vw, 709px\" \/><\/figure>\n\n\n\n<figure class=\"wp-block-image size-full\"><img loading=\"lazy\" decoding=\"async\" width=\"1417\" height=\"2125\" data-id=\"3181\" src=\"http:\/\/maudveith.com\/wp-content\/uploads\/2026\/02\/Falestiniii-14-copie.jpg\" alt=\"\" class=\"wp-image-3181\" srcset=\"http:\/\/maudveith.com\/wp-content\/uploads\/2026\/02\/Falestiniii-14-copie.jpg 1417w, http:\/\/maudveith.com\/wp-content\/uploads\/2026\/02\/Falestiniii-14-copie-200x300.jpg 200w, http:\/\/maudveith.com\/wp-content\/uploads\/2026\/02\/Falestiniii-14-copie-683x1024.jpg 683w, http:\/\/maudveith.com\/wp-content\/uploads\/2026\/02\/Falestiniii-14-copie-768x1152.jpg 768w, http:\/\/maudveith.com\/wp-content\/uploads\/2026\/02\/Falestiniii-14-copie-1024x1536.jpg 1024w, http:\/\/maudveith.com\/wp-content\/uploads\/2026\/02\/Falestiniii-14-copie-1366x2048.jpg 1366w\" sizes=\"auto, (max-width: 1417px) 100vw, 1417px\" \/><\/figure>\n<\/figure>\n\n\n\n<h6 class=\"wp-block-heading\">&nbsp;<\/h6>\n\n\n<div class=\"wp-block-image size-full wp-image-711\">\n<figure class=\"aligncenter\"><img loading=\"lazy\" decoding=\"async\" width=\"750\" height=\"289\" src=\"http:\/\/maudveith.com\/wp-content\/uploads\/2017\/03\/IM019.jpg\" alt=\"\" class=\"wp-image-711\" srcset=\"http:\/\/maudveith.com\/wp-content\/uploads\/2017\/03\/IM019.jpg 750w, http:\/\/maudveith.com\/wp-content\/uploads\/2017\/03\/IM019-300x116.jpg 300w\" sizes=\"auto, (max-width: 750px) 100vw, 750px\" \/><figcaption class=\"wp-element-caption\">Proposition d&rsquo;exposition pour la galerie municipale de Vitry sur Seine \/ 2012<\/figcaption><\/figure>\n<\/div>\n\n\n<p><\/p>\n\n\n\n<h6 class=\"wp-block-heading has-small-font-size\">L\u2019envie \u00e9tait de photographier la vie autours du conflit, en particulier aupr\u00e8s des femmes qui m\u2019apparaissaient comme les protectrices de la sph\u00e8re intime, les gardiennes du quotidien. Je voulais montrer ce qui se fait plut\u00f4t que ce qui est d\u00e9truit et les interroger sur leur r\u00e9sistance quotidienne, leur raison de continuer \u00e0 vivre et \u00e0 r\u00eaver. <\/h6>\n\n\n\n<h6 class=\"wp-block-heading has-small-font-size\">Je me suis trouv\u00e9e face \u00e0 de v\u00e9ritables gardiennes de p\u00eaches, parfois dures et souvent douces. Mais toujours pleine d\u2019humour. <\/h6>\n\n\n\n<h6 class=\"wp-block-heading has-small-font-size\">Marcela et Sahar, du YWCA (Young Woman Christian Association, association de femmes marginalis\u00e9es) me demandent : <\/h6>\n\n\n\n<h6 class=\"wp-block-heading has-small-font-size\">Marcela : Pourquoi les femmes ici font beaucoup d\u2019enfants ?<\/h6>\n\n\n\n<h6 class=\"wp-block-heading has-small-font-size\">Moi \u2026 Marcela : A cause des pannes d\u2019\u00e9lectricit\u00e9s ! Bah oui, no TV, nothing to do! <\/h6>\n\n\n\n<h6 class=\"wp-block-heading has-small-font-size\">Explosion de rires<\/h6>\n\n\n\n<h6 class=\"wp-block-heading has-small-font-size\"> Sahar : Et puis on ne sait jamais, on peut aussi en perdre sous les balles isra\u00e9liennes !<\/h6>\n\n\n\n<p><\/p>\n","protected":false},"excerpt":{"rendered":"<p>&nbsp; &nbsp; L\u2019envie \u00e9tait de photographier la vie autours du conflit, en particulier aupr\u00e8s des femmes qui m\u2019apparaissaient comme les protectrices de la sph\u00e8re intime,&#8230;<\/p>\n<div class=\"more-link-wrapper\"><a class=\"more-link\" href=\"http:\/\/maudveith.com\/?page_id=451\">Continue Reading<span class=\"screen-reader-text\">R\u00e9sistantes du quotidien\/Palestine<\/span><\/a><\/div>\n","protected":false},"author":1,"featured_media":0,"parent":0,"menu_order":0,"comment_status":"closed","ping_status":"closed","template":"","meta":{"footnotes":""},"class_list":["post-451","page","type-page","status-publish","hentry","entry"],"_links":{"self":[{"href":"http:\/\/maudveith.com\/index.php?rest_route=\/wp\/v2\/pages\/451","targetHints":{"allow":["GET"]}}],"collection":[{"href":"http:\/\/maudveith.com\/index.php?rest_route=\/wp\/v2\/pages"}],"about":[{"href":"http:\/\/maudveith.com\/index.php?rest_route=\/wp\/v2\/types\/page"}],"author":[{"embeddable":true,"href":"http:\/\/maudveith.com\/index.php?rest_route=\/wp\/v2\/users\/1"}],"replies":[{"embeddable":true,"href":"http:\/\/maudveith.com\/index.php?rest_route=%2Fwp%2Fv2%2Fcomments&post=451"}],"version-history":[{"count":38,"href":"http:\/\/maudveith.com\/index.php?rest_route=\/wp\/v2\/pages\/451\/revisions"}],"predecessor-version":[{"id":3184,"href":"http:\/\/maudveith.com\/index.php?rest_route=\/wp\/v2\/pages\/451\/revisions\/3184"}],"wp:attachment":[{"href":"http:\/\/maudveith.com\/index.php?rest_route=%2Fwp%2Fv2%2Fmedia&parent=451"}],"curies":[{"name":"wp","href":"https:\/\/api.w.org\/{rel}","templated":true}]}}